ns digit of 735528060?
7
What is the hundred thousands digit of 51235176?
2
What is the hundred millions digit of 2569198654?
5
What is the hundreds digit of 34348431?
4
What is the units digit of 1488546397?
7
What is the tens digit of 968272617?
1
What is the millions digit of 2005870944?
5
What is the ten millions digit of 2292004894?
9
What is the millions digit of 661321811?
1
What is the hundred millions digit of 286261001?
2
What is the millions digit of 10241668?
0
What is the hundreds digit of 906866756?
7
What is the tens digit of 25133895?
9
What is the thousands digit of 29153434?
3
What is the billions digit of 2871529858?
2
What is the ten thousands digit of 571245649?
4
What is the hundred thousands digit of 62873307?
8
What is the ten thousands digit of 599443280?
4
What is the millions digit of 143956728?
3
What is the millions digit of 2493948207?
3
What is the millions digit of 60837882?
0
What is the hundreds digit of 16164254?
2
What is the tens digit of 60784005?
0
What is the hundreds digit of 1813611255?
2
What is the ten millions digit of 628885787?
2
What is the units digit of 31249115?
5
What is the ten thousands digit of 2338061067?
6
What is the ten thousands digit of 2290975220?
7
What is the units digit of 176408727?
7
What is the tens digit of 3300161004?
0
What is the units digit of 101160187?
7
What is the hundred thousands digit of 4042455?
0
What is the millions digit of 1463322171?
3
What is the units digit of 133453423?
3
What is the units digit of 325092159?
9
What is the hundreds digit of 406600773?
7
What is the ten thousands digit of 21774501?
7
What is the hundred thousands digit of 1629887620?
8
What is the ten millions digit of 32130360?
3
What is the ten thousands digit of 561578884?
7
What is the hundreds digit of 65168367?
3
What is the ten millions digit of 288226226?
8
What is the millions digit of 1073592729?
3
What is the units digit of 587009582?
2
What is the ten millions digit of 52261399?
5
What is the thousands digit of 1004397848?
7
What is the ten thousands digit of 93468422?
6
What is the ten millions digit of 291273971?
9
What is the ten millions digit of 687968243?
8
What is the thousands digit of 605212474?
2
What is the hundred thousands digit of 28922221?
9
What is the millions digit of 100526381?
0
What is the ten thousands digit of 3496184732?
8
What is the thousands digit of 58620134?
0
What is the hundred thousands digit of 1991526127?
5
What is the ten thousands digit of 88527618?
2
What is the millions digit of 519589454?
9
What is the tens digit of 208704902?
0
What is the hundred thousands digit of 14480299?
4
What is the ten thousands digit of 40978613?
7
What is the hundred millions digit of 260992979?
2
What is the hundred thousands digit of 4225746919?
7
What is the ten thousands digit of 55297211?
9
What is the hundred millions digit of 9126088037?
1
What is the units digit of 30674309?
9
What is the units digit of 386377975?
5
What is the hundred thousands digit of 466848711?
8
What is the millions digit of 48627421?
8
What is the millions digit of 84562897?
4
What is the ten thousands digit of 1764278328?
7
What is the millions digit of 445277573?
5
What is the tens digit of 86233424?
2
What is the units digit of 3257950?
0
What is the ten thousands digit of 429968528?
6
What is the tens digit of 92712370?
7
What is the ten thousands digit of 160788962?
8
What is the ten millions digit of 28025590?
2
What is the ten millions digit of 900669990?
0
What is the millions digit of 117047751?
7
What is the ten millions digit of 12274442?
1
What is the ten millions digit of 1252995217?
5
What is the hundreds digit of 3660860353?
3
What is the hundred thousands digit of 900922278?
9
What is the tens digit of 141351916?
1
What is the ten thousands digit of 1144159395?
5
What is the ten thousands digit of 1026757899?
5
What is the units digit of 135200232?
2
What is the tens digit of 2101330924?
2
What is the hundreds digit of 506047689?
6
What is the ten millions digit of 1830090294?
3
What is the ten millions digit of 54865354?
5
What is the thousands digit of 357534?
7
What is the hundred millions digit of 1347575738?
3
What is the ten millions digit of 285297933?
8
What is the hundred thousands digit of 1510259096?
2
What is the millions digit of 715111460?
5
What is the units digit of 95890841?
1
What is the hundreds digit of 25504239?
2
What is the tens digit of 2832858427?
2
What is the ten thousands digit of 204035861?
3
What is the hundreds digit of 3352652752?
7
What is the thousands digit of 88102051?
2
What is the millions digit of 2809084054?
9
What is the ten thousands digit of 177623108?
2
What is the ten millions digit of 322037528?
2
What is the ten millions digit of 502716677?
0
What is the ten thousands digit of 603653674?
5
What is the tens digit of 81086155?
5
What is the units digit of 471107628?
8
What is the hundred thousands digit of 3986063001?
0
What is the ten thousands digit of 1164947238?
4
What is the ten millions digit of 814973570?
1
What is the ten millions digit of 25436048?
2
What is the units digit of 504438814?
4
What is the hundred thousands digit of 7912321?
9
What is the thousands digit of 81196222?
6
What is the ten millions digit of 121196137?
2
What is the millions digit of 305461323?
5
What is the thousands digit of 1430543049?
3
What is the hundreds digit of 5745970892?
8
What is the ten millions digit of 979335110?
7
What is the ten millions digit of 178307684?
7
What is the tens digit of 46932351?
5
What is the ten thousands digit of 93571587?
7
What is the millions digit of 307767324?
7
What is the units digit of 1195154145?
5
What is the units digit of 2538972761?
1
What is the hundred millions digit of 846604280?
8
What is the ten thousands digit of 3405823506?
2
What is the thousands digit of 267488978?
8
What is the tens digit of 104213055?
5
What is the units digit of 31514531?
1
What is the ten millions digit of 26956050?
2
What is the thousands digit of 64155202?
5
What is the millions digit of 40539371?
0
What is the hundreds digit of 163310837?
8
What is the thousands digit of 3989578811?
8
What is the hundred thousands digit of 1041351715?
3
What is the units digit of 1706590533?
3
What is the ten thousands digit of 237695520?
9
What is the hundred thousands digit of 216309829?
3
What is the millions digit of 39897116?
9
What is the units digit of 30771779?
9
What is the millions digit of 18206273?
8
What is the thousands digit of 1025527440?
7
What is the thousands digit of 1340545760?
5
What is the hundred thousands digit of 4303456617?
4
What is the hundreds digit of 146616233?
2
What is the millions digit of 5761227629?
1
What is the hundred thousands digit of 20946333?
9
What is the hundred thousands digit of 5602217022?
2
What is the hundreds digit of 4852755184?
1
What is the ten millions digit of 172458073?
7
What is the hundreds digit of 173112754?
7
What is the ten thousands digit of 129742804?
4
What is the tens digit of 131090597?
9
What is the hundreds digit of 29018573?
5
What is the units digit of 1188922120?
0
What is the ten millions digit of 1453877716?
5
What is the hundred thousands digit of 13039200?
0
What is the thousands digit of 2385290954?
0
What is the hundred thousands digit of 16701957?
7
What is the hundred thousands digit of 5574246420?
2
What is the thousands digit of 1607777097?
7
What is the millions digit of 2024578006?
4
What is the hundred thousands digit of 67023359?
0
What is the thousands digit of 1148632440?
2
What is the ten thousands digit of 1239347493?
4
What is the ten thousands digit of 143044248?
4
What is the hundred thousands digit of 1897862760?
8
What is the hundred millions digit of 3424304980?
4
What is the hundred thousands digit of 857287199?
2
What is the hundred thousands digit of 186879590?
8
What is the thousands digit of 109322290?
2
What is the hundred thousands digit of 96413914?
4
What is the thousands digit of 158618479?
8
What is the billions digit of 2266654498?
2
What is the thousands digit of 261754987?
4
What is the units digit of 11036079?
9
What is the hundreds digit of 1528396699?
6
What is the ten millions digit of 329551698?
2
What is the